 -3. Suppose -2*i + 13 = -o. What is the tens digit of i?
1
Let k be (-22)/(-8) - (-4)/16. Suppose 3*c - k*q - 10 = -2*q, -4*q = -3*c - 5. What is the units digit of c?
5
Suppose -3 = 3*p, 2*b = -0*p + 5*p + 7. Suppose 3*k - 25 + b = 0. What is the units digit of k?
8
Suppose 5*j + 4*y = 227, y + 2*y = -2*j + 88. What is the units digit of j?
7
Let s = 24 + -11. Let d = 12 + s. What is the tens digit of d?
2
Let h(l) = 59*l**2 - l + 2. What is the tens digit of h(1)?
6
Let l = 6 + -2. Let g(d) = d - 3. What is the units digit of g(l)?
1
Suppose -2*r = 2*r. Suppose 3*u - u - 40 = r. What is the units digit of u?
0
Let q = -3 + 1. Let z(b) = 5*b**2 + 3*b. What is the tens digit of z(q)?
1
Suppose 0 = -2*p - 2 + 6. What is the units digit of p/(-8) + 865/20?
3
Let v(i) = i**3 + 11*i**2 - 3*i + 8. What is the tens digit of v(-10)?
3
Suppose 2*m = 4*m - 2. Let f(k) = 27*k**2 + 2*k - 2. What is the units digit of f(m)?
7
Let o be 4/(-18) - 87/(-27). Suppose o*m + 1 = 2*m. What is the units digit of (-8)/(-4) - (-6 - m)?
7
Let l(v) = -v**3 - v**2 - v - 1. Let f(m) = m**3 + 8*m**2. Let b(r) = -f(r) - 2*l(r). Let j(x) = x + 1. Let c be j(5). What is the units digit of b(c)?
4
Suppose 100 + 0 = 4*i. What is the units digit of i?
5
Suppose -2*r - 18 = -8*r. Suppose r*n - 192 = -5*z, -4*z - n + 6*n + 161 = 0. What is the units digit of z?
9
Let n be 16/5 - (-4)/(-20). Let z = 12 - n. Let v = z + -2. What is the units digit of v?
7
Let p be (-21)/(-4) + (-2)/8. Suppose -p*v + 3*v = 4*j, 4*j = -5*v. Suppose b - 2 - 1 = j. What is the units digit of b?
3
Let a be (-328)/(-4)*(-1)/(-2). Suppose -4*o = b - a, 0*b + 8 = o + b. What is the units digit of o?
1
Let m(x) be the first derivative of x**5/20 - x**4/6 - x**3/6 - x + 1. Let i(d) be the first derivative of m(d). What is the units digit of i(3)?
6
Let s(z) = 4*z**2 - 5*z + 7. What is the tens digit of s(3)?
2
Let p = -7 - -8. What is the units digit of 8/p + (-1)/1?
7
Let o = 9 + -3. What is the units digit of o?
6
Suppose j + 0*j = 216. What is the hundreds digit of j?
2
Suppose -7*y = -1360 - 40. What is the hundreds digit of y?
2
Let k(j) = -j**2 + 5. Let z(s) = -s. Let q be z(4). Let u = -4 - q. What is the units digit of k(u)?
5
Suppose 3*c = 3 + 3. Suppose 0 = 3*o - 5*s - 16, -3*o = -0*o - c*s - 10. What is the units digit of o?
2
Let h(m) = m**2 + 2*m - 1. Let j be h(2). Let l(a) = 5*a - 2. Let o be l(j). Suppose 0*u + o = 3*u. What is the tens digit of u?
1
Let s(v) = 9*v - 1. Let w(p) = 14*p - 2. Let f(c) = 8*s(c) - 5*w(c). What is the tens digit of f(6)?
1
Suppose x = 2*l + 2*x - 96, -5*x = -5*l + 255. What is the units digit of l?
9
Let v(n) = 42*n + 3. What is the units digit of v(2)?
7
Let x(j) = -4*j - 2. Let g(p) = 13*p + 6. Let t(l) = 2*g(l) + 7*x(l). What is the units digit of t(-8)?
4
Let p(n) be the first derivative of -n**2/2 + n - 1. Let u(f) = -2*f - 5. Let k(y) = 3*p(y) - u(y). What is the units digit of k(4)?
4
Let u(n) = 12*n + 6. What is the tens digit of u(3)?
4
Suppose 2*r - 23 = 3*n, 5*r - 2*r - 2*n - 22 = 0. Suppose -a = 5*j - 23, -44 = -a - j - 1. Suppose 0*g + a = r*g. What is the tens digit of g?
1
Suppose -96 = -2*s + 2*g, 5*s + 0*s - 213 = -4*g. What is the tens digit of s?
4
Let z be -5*(-7 + 2)*-1. Let u = 42 + z. What is the tens digit of u?
1
Let a = -21 + 47. Suppose 0 = -5*l - 20, 2*g - 2*l - a = -0*l. What is the units digit of g?
9
Let b(z) = -z**3 - 2*z**2 + 2*z - 4. Let t be b(-3). Let a be t/(-3) + 462/18. Let k = 43 - a. What is the tens digit of k?
1
What is the tens digit of (0 - -2)*(5 - -12)?
3
Suppose z + g = 36, -6*z + 3*g + 90 = -3*z. What is the units digit of z?
3
Let v(l) = 4*l**2 - 3*l - 3. Let h be v(-3). Suppose h = 2*o + o. What is the units digit of o?
4
Let z(l) = l - 9. Let g be z(11). Let b = 5 - g. Suppose -3*x + 9 = -b*v, -33 = -4*v - 5*x - 9. What is the units digit of v?
1
Let t(f) = 5*f - 3*f - 4*f + 3*f. Let q be t(-9). Let y = q - -14. What is the units digit of y?
5
Let y(m) = -m**2 - 8*m - 3. Let l be y(-3). Suppose 5*n - l = 2*n. Suppose -5*p = 5*u - 85, u - 15 = 2*p - n. What is the tens digit of u?
1
Let o = 223 - 144. What is the units digit of o?
9
Let r be (-5)/(-10)*(0 - 0). Suppose 4 = -r*l + l. What is the units digit of l?
4
Let l = 2 - -25. What is the tens digit of l?
2
Let w be (1/(-3))/(-1)*15. Suppose 4*x + 10 = w*x. What is the units digit of x?
0
Let n be 9/6*8/6. Let b be (n/(-4))/((-1)/6). Suppose b = 3*i - 12. What is the units digit of i?
5
Let s(g) = -6 - 4 + 2 - g + 0. Let q be s(-11). Suppose -4 = l + 5*i - q, 4*l + 4*i = 44. What is the tens digit of l?
1
Let z be 10*((-69)/(-6) - 3). Suppose 4*u = -3*b - 2*b + 69, 5*b = -5*u + z. What is the units digit of u?
6
Let i be (-2)/(-3)*9/6. Let f be 1 + -3 + 76 - i. Suppose -1 - 16 = -2*x - 3*u, -3*x + 5*u + f = 0. What is the tens digit of x?
1
Suppose -4*v - 30 = -2*v. Suppose -9 = 5*r - 4*r. Let u = r - v. What is the units digit of u?
6
Suppose -4*f + 3*x + 870 = 0, 4*f - 3*f - x = 218. What is the hundreds digit of f?
2
Suppose 20 = -4*t, 0*h = 4*h + 4*t. Suppose -h*f + 4 + 26 = 0. What is the units digit of f?
6
Suppose -20*k + 19*k + 35 = 0. What is the tens digit of k?
3
Let u be 3/2*48/(-9). Let m be 7/28 + (-38)/u. Suppose 5*f - 4*f = m. What is the units digit of f?
5
Suppose 4*q + 0 = -4, -6 = -2*u + 2*q. Let d(r) = 3 + 3 - 4 - 2*r - 2*r + 2*r**2. What is the units digit of d(u)?
2
Suppose 4*j - 270 - 318 = 4*b, 2*b + 142 = j. What is the units digit of j?
2
Let z(a) be the third derivative of 5*a**4/24 - 7*a**3/6 + 4*a**2. Let o(f) = 4*f - 6. Let i(q) = 6*o(q) - 5*z(q). What is the units digit of i(-3)?
2
Let y(t) = -t**2 + 8*t + 19. What is the tens digit of y(6)?
3
Suppose 4 + 106 = 10*i. What is the tens digit of i?
1
What is the tens digit of 178 - ((-21)/9 - -2)*-3?
7
Let d be 6 - (1 + 3 - 1). Let k = d - -3. What is the units digit of k?
6
Let r(a) = a**2 + 8 + 7*a + 8*a - 6*a. What is the units digit of r(-9)?
8
What is the units digit of (-9 + 0)/(2 + -3)?
9
Let z = 12 + -2. What is the tens digit of z?
1
Let b(g) = 2*g**2 + 5*g - 4. Let p be b(-4). Suppose -3*m + p = m. Suppose l + 2 - 3 = 0, m*l - 26 = -3*h. What is the units digit of h?
8
Suppose 0*f + 5*i = 2*f - 39, -4*i + 52 = f. What is the units digit of f?
2
Let i(j) = -3*j + 2. Let q be i(-6). Let t be ((-8)/q)/(2/(-250)). Suppose -2*b + t = 3*b. What is the units digit of b?
0
Suppose h + 3*h - 498 = -2*d, -5*d = 2*h - 269. What is the hundreds digit of h?
1
Let m = 29 - 21. Suppose 0 = -4*z + 4 + m, 0 = a + 5*z - 36. What is the units digit of a?
1
Suppose 39 - 9 = -5*f + 5*o, -2*f + 5*o = 12. Let d = -3 - f. Suppose -6 = 4*j + 2, d*l - 48 = -3*j. What is the tens digit of l?
1
Let s = -14 + 8. Let g = 6 + s. Let j(w) = -w + 4. What is the units digit of j(g)?
4
Suppose -44*y + 45*y - 100 = 0. What is the hundreds digit of y?
1
Suppose -4*g + 68 + 76 = 0. Let a = g + -13. What is the units digit of a?
3
Let h be 46/14 - (-4)/(-14). Let k = h - 1. Suppose 5*q = 8 - 3, 13 = 3*s - k*q. What is the units digit of s?
5
Let v(p) = -p**3 + 2*p**2 + p + 1. Let r be v(2). Suppose 4*j = r*j. Let q = 8 + j. What is the units digit of q?
8
Let m(r) = r**3 - r + 37. Let o be m(0). Let a = o - 20. What is the tens digit of a?
1
Let i(g) = g**3 - g + 191. What is the units digit of i(0)?
1
Suppose 0 = -5*v - 0*v + 10, 5*x = 3*v + 24. Suppose 5*h - 6 = -4*c, -h - x = -3*c + 2*c. Let f = -3 + c. What is the units digit of f?
1
Let j(m) = 16*m - 21. What is the hundreds digit of j(10)?
1
Suppose 5 = 2*c - 11. Suppose i - 6 = c. What is the units digit of i?
4
Let d(j) = 21*j. Let k be d(-1). Let q = 37 + k. What is the units digit of q?
6
Let z(w) = 12*w**2 + 3 + 21*w - 5 - 10*w + w**3 + 10. What is the units digit of z(-11)?
8
Suppose 2*t + 4 = 3*t. Suppose 0 = t*w + 1 - 45. What is the units digit of w?
1
Suppose -4*l - 4 = 5*o, 2*l + l + 3*o = 0. Let q(v) = 7*v + 19. Let p be q(9). Suppose -14 = l*x - p. What is the units digit of x?
7
Suppose 2*x - 7*x = 0. Suppose 3*r - 32 + 1 = 4*q, -2*q - 2 = x. Suppose -h + 9 = d, r = d + 5*h - 0*h. What is the units digit of d?
9
Let h = -14 - -69. What is the units digit of h?
5
Let l be 1 + 3*(0 - 1). Let i = -12 + 20. Let h = l + i. What is the uni